f 50?
True
Is 24 a factor of 582097608?
True
Is 46001480 a multiple of 58?
False
Does 249 divide 46801044?
True
Is 76476028 a multiple of 212?
False
Does 1273 divide 81326985?
False
Is 13 a factor of 1915411563?
True
Is 49 a factor of 6765892072?
False
Is 671498508 a multiple of 304?
False
Is 277 a factor of 27516754?
False
Is 582589 a multiple of 6?
False
Is 5712960 a multiple of 48?
True
Does 14 divide 91195105?
False
Is 46 a factor of 563217097?
False
Is 252 a factor of 38269224?
True
Does 5 divide 31114857?
False
Is 12 a factor of 338133280?
False
Does 49 divide 6183421?
False
Is 1773350771 a multiple of 108?
False
Is 23 a factor of 453346790?
True
Does 9 divide 14822541?
True
Is 99210756 a multiple of 149?
True
Is 356 a factor of 98186761?
False
Is 132842997 a multiple of 19?
False
Is 53 a factor of 224763284?
False
Is 2484502 a multiple of 6?
False
Is 103 a factor of 2235934?
False
Is 407385688 a multiple of 1258?
True
Is 275 a factor of 74869448?
False
Is 1946 a factor of 73815672?
True
Does 89 divide 747827128?
True
Does 1071 divide 1550479954?
False
Is 210 a factor of 11326676?
False
Is 180485740 a multiple of 2027?
False
Is 16 a factor of 94561440?
True
Is 11191023 a multiple of 945?
False
Is 419 a factor of 1042493788?
True
Is 20633980 a multiple of 15?
False
Is 3017606642 a multiple of 2911?
True
Is 32506093 a multiple of 89?
True
Is 923872920 a multiple of 40?
True
Is 116 a factor of 3663135000?
True
Does 1926 divide 3314698002?
True
Is 647 a factor of 57291850?
True
Is 4648023490 a multiple of 55?
True
Does 978 divide 1323953626?
False
Is 5000 a factor of 301160000?
True
Does 4 divide 74499397?
False
Is 29 a factor of 91256997?
True
Is 46 a factor of 347058968?
False
Does 1012 divide 639308736?
True
Does 36 divide 2255882508?
True
Does 39 divide 2279916?
False
Does 3312 divide 1112468493?
False
Is 46 a factor of 4028128?
True
Is 21468264 a multiple of 4?
True
Does 37 divide 257175715?
True
Is 183924672 a multiple of 3928?
True
Is 334491170 a multiple of 3715?
True
Does 1565 divide 41203045?
False
Is 700295817 a multiple of 1079?
True
Does 272 divide 313840142?
False
Does 3554 divide 924208080?
False
Does 10 divide 36617004?
False
Does 23 divide 50763875?
True
Is 8 a factor of 224544926?
False
Does 15 divide 82849680?
True
Is 1494047619 a multiple of 263?
False
Does 5153 divide 24218314?
False
Is 3081 a factor of 8909701?
False
Is 4149 a factor of 264220767?
True
Does 127 divide 67185921?
True
Is 90955980 a multiple of 3501?
True
Is 6 a factor of 1788549601?
False
Does 407 divide 40588075?
True
Does 65 divide 2365350?
True
Does 1311 divide 301811865?
True
Is 248 a factor of 14017456?
True
Is 1446191028 a multiple of 8103?
True
Does 17 divide 308672060?
True
Is 23449052 a multiple of 22?
True
Does 4 divide 39123525?
False
Is 657 a factor of 16667126?
False
Does 16 divide 56374112?
True
Is 6 a factor of 46118424?
True
Is 43887591 a multiple of 371?
False
Is 34095752 a multiple of 1861?
False
Is 983493241 a multiple of 472?
False
Is 548389338 a multiple of 321?
True
Is 15 a factor of 48483945?
True
Is 269136539 a multiple of 80?
False
Is 15493660 a multiple of 26?
True
Does 16 divide 900864268?
False
Does 112 divide 126741667?
False
Is 4421963070 a multiple of 45?
True
Is 239961645 a multiple of 55?
True
Is 332 a factor of 17969137?
False
Does 105 divide 110912006?
False
Is 145716389 a multiple of 13?
True
Is 3091 a factor of 92964916?
True
Is 4 a factor of 413104043?
False
Is 107767844 a multiple of 4?
True
Is 1350 a factor of 2574727246?
False
Is 97 a factor of 910345?
True
Does 228 divide 26997066?
False
Does 7334 divide 488094107?
False
Is 966453888 a multiple of 191?
True
Does 87 divide 6353824?
False
Does 801 divide 33005205?
True
Does 16 divide 1308048?
True
Is 54105569 even?
False
Does 938 divide 26529573?
False
Is 4 a factor of 6973677?
False
Does 623 divide 90283891?
False
Does 20 divide 245810580?
True
Is 637017984 a multiple of 1968?
True
Does 844 divide 672608093?
False
Does 22 divide 726619373?
False
Is 138461586 a multiple of 2519?
False
Is 92817270 a multiple of 332?
False
Is 46 a factor of 22113722?
False
Is 449655900 a multiple of 4432?
False
Does 151 divide 222866789?
True
Does 206 divide 99831160?
False
Is 21 a factor of 618016726?
False
Does 29 divide 406204223?
False
Is 457316767 a multiple of 31?
False
Is 7 a factor of 631078017?
False
Is 49 a factor of 604251637?
False
Is 246536139 a multiple of 4231?
True
Is 38099285 a multiple of 1667?
True
Does 4221 divide 62272413?
True
Is 51919308 a multiple of 91?
False
Is 2135 a factor of 458698604?
False
Is 325 a factor of 14271400?
True
Does 220 divide 209863940?
True
Is 83505065 a multiple of 4669?
True
Is 107546977 a multiple of 3?
False
Does 19 divide 142083572?
False
Is 100669206 a multiple of 1598?
True
Is 5 a factor of 23044169?
False
Is 66 a factor of 10257146?
False
Is 473109 a multiple of 21?
True
Is 52428679 a multiple of 1216?
False
Does 204 divide 824917028?
False
Is 1254188124 a multiple of 243?
True
Is 37 a factor of 123474120?
False
Is 44368457 a multiple of 36?
False
Is 220 a factor of 160714733?
False
Does 1813 divide 163916059?
False
Is 550940995 a multiple of 3616?
False
Is 25 a factor of 637275163?
False
Does 31 divide 32732766?
False
Is 169 a factor of 43856653?
False
Does 5786 divide 1162430931?
False
Does 12 divide 21368988?
True
Is 49636990 a multiple of 46?
True
Is 339907995 a multiple of 141?
True
Does 225 divide 3286105?
False
Does 32 divide 102844315?
False
Is 5 a factor of 159083717?
False
Does 17 divide 308848435?
True
Does 225 divide 10284975?
True
Is 1641 a factor of 154565790?
True
Does 22 divide 122204676?
True
Is 244 a factor of 38188489?
False
Does 39 divide 24639537?
True
Does 58 divide 130669283?
False
Does 641 divide 20336380?
False
Does 25 divide 3456481312?
False
Is 18 a factor of 174847464?
True
Is 42430339 a multiple of 1861?
False
Does 205 divide 305960860?
True
Is 57573504 a multiple of 216?
True
Is 149 a factor of 19629856?
True
Is 81284678 a multiple of 91?
False
Does 6 divide 83189364?
True
Is 44587407 a multiple of 27?
False
Is 2 a factor of 6678469?
False
Is 131 a factor of 36720380?
False
Is 3920 a factor of 725995760?
True
Is 24 a factor of 10665615?
False
Is 547083134 a multiple of 580?
False
Is 31348681 a multiple of 637?
True
Is 370 a factor of 43722530?
True
Is 86 a factor of 21245958?
False
Does 499 divide 194636946?
True
Is 2389249175 a multiple of 1048?
False
Does 204 divide 59274240?
True
Is 173025486 a multiple of 62?
False
Does 34 divide 641207586?
False
Does 3 divide 187818531?
True
Does 89 divide 15038944?
False
Does 2 divide 5383878?
True
Does 10 divide 2328455227?
False
Does 575 divide 2238228900?
True
Does 3392 divide 200058668?
False
Is 36207280 a multiple of 80?
True
Is 8261 a factor of 1493517553?
False
Is 1365606684 a multiple of 2242?
True
Does 22 divide 135451800?
True
Does 5 divide 65017441?
False
Does 827 divide 23373501?
True
Does 152 divide 4584083184?
True
Is 96 a factor of 416819712?
True
Is 105883650 a multiple of 425?
True
Does 270 divide 9014760?
True
Is 17185520 a multiple of 3641?
True
Is 6 a factor of 38444693?
False
Does 503 divide 199343930?
True
Is 40925455 a multiple of 2360?
False
Is 814 a factor of 934791821?
False
Does 78 divide 4229355?
False
Is 705681228 a multiple of 14?
True
Is 57017275 a multiple of 175?
True
Is 18232172 a multiple of 1594?
True
Is 15 a factor of 218724828?
False
Does 95 divide 7483157?
False
Is 336241286 a multiple of 6?
False
Is 152 a factor of 83228432?
False
Is 24227583 a multiple of 59?
True
Does 2429 divide 48455761?
False
Is 39 a factor of 1099381530?
True
Is 5017681 a multiple of 2?
False
Is 12 a factor of 26713920?
True
Does 19 divide 3059152?
True
Is 4121086 a multiple of 2?
True
Is 143 a factor of 18146073?
False
Does 7340 divide 1013998980?
True
Does 232 divide 1053039090?
False
Is 4150 a factor of 116386750?
True
Is 256354560 a multiple of 4620?
True
Is 5980826121 a multiple of 87?
False
Does 233 divide 33098204?
False
Is 256549479 a multiple of 4779?
False
Is 184 a factor of 34948408?
True
Is 36 a factor of 136959912?
True
Is 336 a factor of 1046881826?
False
Does 583 divide 15968370?
True
Is 237 a factor of 87152484?
True
Is 21803595 a 